*3/3 - 3*f**2/2 - 1. Let s be a(-2). Let j(c) = 3*c. Let x(q) = 2*q. Let g(w) = -3*j(w) + 4*x(w). Determine g(s).
-2
Suppose -2*w - 2*h - 14 = 0, -w + 2*h = -5*w - 32. Let p = 13 + w. Let m(k) = -k**3 + 4*k**2 + 3*k - 6. What is m(p)?
6
Suppose 4*m + 0*m = 32. Let q(n) = -m + 2 - 2 - n. Let v(k) = 2*k + 17. Let y(i) = -5*q(i) - 2*v(i). Calculate y(-5).
1
Suppose 2*j - 7*j + 15 = 0. Suppose j*y = 15, -4*x = -2*x + y - 15. Let h(u) = 0*u - 4*u - 1 + x*u. Calculate h(1).
0
Let i(o) = o**2 + 2*o - 3. Let p(s) = -s - 1. Let t be p(-3). Calculate i(t).
5
Let j = 3 - 4. Suppose 5*p - 4*o - 26 = 0, 0*p - 5*o = 4*p + 12. Let x(i) = i + 1 + 0 + 2 - p. Determine x(j).
0
Let c(t) = 5*t - 1. Let y(x) = 3*x - 12. Let v be y(3). What is c(v)?
-16
Let a be 48/22 - (-2)/(-11). Suppose 3*y - a*u = -6, 3*y + 2*u = -y - 22. Let o(x) = -x**3 - 5*x**2 - x + 2. Give o(y).
-10
Suppose -5*d + 23 = -s, -4*s + 5 = -3*s + 2*d. Let b(t) = -2*t - 4. Let l be b(-4). Let o(r) = -2*r - 1 - 7 + l. Determine o(s).
2
Suppose -3*j + 12 = -j. Let t be (-32)/j + (-2)/(-6). Let y = t - -3. Let r(b) = 2*b**3 + 2*b**2 + 2*b + 1. Determine r(y).
-11
Let n be ((-15)/(-9))/((-3)/(-9)). Suppose n*f - 17 = z, -2*z + 3*f - 2 - 4 = 0. Let c(d) = -3*d - 2 - z*d + 3*d. What is c(-2)?
4
Let o = 17 + -9. Suppose -o*r = -3*r - 15. Let p(c) be the third derivative of -c**6/120 + c**5/20 - c**4/8 + 2*c**3/3 - c**2. Determine p(r).
-5
Let w(a) = -a**3 - 5*a**2 + 3*a + 6. Let u(x) = -x**2 + x + 1. Let v be u(-2). Calculate w(v).
-9
Let g(l) = 2*l**2 + l**2 - 4*l**2. Suppose c - 5*c = 0. Let q be 1 + -2 + c/(-1). Give g(q).
-1
Let o(t) = -t**3 + 5*t**2 + 2. Let g be o(5). Let q(l) be the first derivative of -l - 1 - 3/2*l**g - l**3. Give q(-2).
-7
Let p(t) = -5 - 2 + t + 10 + 0. Let o be (-1 + 4)*(2 - 1). Let y be p(o). Let u(q) = -q**2 + 6*q + 5. Calculate u(y).
5
Let m(d) = 3*d + 2. Let b(i) = -i**2 - 3*i + 7. Let f be b(-5). Let h(s) = s**2 + 3*s + 3. Let l(y) = f*m(y) + 2*h(y). Calculate l(2).
2
Let f(q) = 8*q + 13. Let h be f(-2). Let z(i) = i**3 + 3*i**2 + i - 3. Give z(h).
-6
Let a(n) be the first derivative of -n**3/3 + n**2/2 + 5*n - 3. Give a(0).
5
Let p(b) be the second derivative of 3*b**5/10 + b**4/12 - b**2/2 - 3*b. Let g(w) be the first derivative of -2*w**3/3 - w**2/2 + 3. Let z be g(-1). Give p(z).
-6
Let r(b) = 7*b**3 - 8*b**2 - 5*b - 7. Let y(l) = 4*l**3 - 4*l**2 - 2*l - 4. Let h(o) = -3*r(o) + 5*y(o). Let k(q) = -2*q + q - 2 + 11. Let w be k(4). Give h(w).
1
Let t(v) = 11*v - 15. Let n(r) = -6*r + 8. Let y(k) = -5*n(k) - 3*t(k). Calculate y(5).
-10
Let t(q) be the first derivative of -4 + 3*q - 1/2*q**2. Determine t(5).
-2
Suppose 4 = 11*z - 7*z. Let h(u) = -4*u. Calculate h(z).
-4
Let k = -8 + 12. Let y(z) = 2*z**2 - 8*z - 3. Let b(p) = p**2 - 4*p - 2. Let m(i) = 5*b(i) - 3*y(i). Calculate m(k).
-1
Let p be 3*(2 - (-21)/(-9)). Let v(r) = -11*r**3 - r**2 + 1. Give v(p).
11
Let q(z) = -2*z + 2. Let d be q(-3). Suppose -6*l - 4 = -d*l. Suppose 0 = -3*g - l*g + 10. Let a(m) = -2*m**2 + 2*m - 1. Calculate a(g).
-5
Let w(t) be the first derivative of -2*t**3/3 + t**2/2 + 4*t + 10. Give w(-3).
-17
Let c(f) be the first derivative of f**3/3 - 3*f**2/2 - 6*f - 24. Calculate c(6).
12
Let q(g) be the third derivative of -g**5/60 - g**4/24 - 13*g**3/6 + 10*g**2. What is q(0)?
-13
Let r(y) = -y**3 - y**2 + y - 5. Suppose 13*c = c. Calculate r(c).
-5
Let u(v) be the first derivative of v**4/4 - v**2/2 - v + 14. Suppose 3*s + s - 28 = 4*l, l + 5*s - 23 = 0. Let d = l - 0. Calculate u(d).
-7
Let q(a) = -a**3 + 4*a**2 + 5*a - 4. Suppose 3*p - 20 = -2*p. What is q(p)?
16
Let t(m) be the first derivative of 6 + 0*m + 1/2*m**2. What is t(6)?
6
Let m be 7/(56/80)*(-1 - 0). Let q(k) = k**2 + 11*k + 5. Give q(m).
-5
Suppose l - 2*l = 0. Suppose l*r + r - 5 = 0. Let t(b) be the second derivative of b**5/20 - b**4/2 + b**3 + b**2/2 + b. Give t(r).
6
Let h(n) be the first derivative of -1/3*n**3 - 10 + 0*n - 2*n**2. What is h(-2)?
4
Let k(o) = -o**2 - 6*o + 9. Let d be k(-7). Let x(w) = d*w + w - 4 + 2*w**3 - w + 5. Give x(-1).
-3
Let n(y) = 4*y + 1. Let z(f) = -17*f - 4. Let a(g) = -9*n(g) - 2*z(g). Give a(-1).
1
Let w = 14 + -10. Let x(d) = d - 1. Let l be x(3). Let n(o) = -4 + 2 + w*o - 2 + o**l. Calculate n(-5).
1
Let h(n) = 2*n**2 - 72 + n**3 + 72 - 3*n**2. Calculate h(1).
0
Let s(q) = -3*q**2 + 5 + 1 - 2 - q**3. Suppose 0 = -3*c + 2*v - 8, -5*c - 14 = -0*v - 4*v. Let h = c - 1. Determine s(h).
4
Let n(s) be the third derivative of -s**4/12 - s**3/2 - 4*s**2. Let v be n(-6). Let p be -7 + (v + -3 - 3). Let i(m) = m**3 + 4*m**2 - 2. Determine i(p).
-2
Let y(d) = d**2 + 13*d + 3. Let x(k) = 2*k**2 + 27*k + 7. Let o(g) = -2*x(g) + 5*y(g). Calculate o(-8).
-23
Suppose -1 - 1 = -2*v. Suppose 0 = 5*z + 6 - v. Let c(y) = -17*y**2 - 2*y - 1. Let x(f) = 18*f**2 + 2*f + 1. Let g(l) = -5*c(l) - 4*x(l). Calculate g(z).
12
Let a(c) = -c**2 - 4*c + 4. Suppose 1 - 4 = -3*l. Let m be (8/10)/(l/5). Suppose m*s + 2 = 4*v - 2, 0 = v + 5*s + 29. Give a(v).
4
Let f(z) = 3*z**3 - 12*z**2 - 7*z + 1. Let c(p) = -4*p**3 + 14*p**2 + 8*p - 2. Let q(y) = -4*c(y) - 5*f(y). Calculate q(-3).
3
Let j(m) = 12*m + 1. Suppose -2*x + 63 = 3*p, 3*p - 7*p + 2*x = -70. Let y = p + -18. Give j(y).
13
Let a(z) = -z - 4*z**2 + 2*z - z**3 - 2 + 0*z + 3*z**2. Give a(0).
-2
Let c(n) be the third derivative of n**4/6 - n**3/6 - 6*n**2. Let k be (-1)/3 + 4/(-6). What is c(k)?
-5
Let x(c) = -c + 11. Let f(a) = -2*a - 19. Let k be f(-12). Calculate x(k).
6
Let n(q) = 2*q - 1. Let s(t) = -t + 12. Let b be s(10). Calculate n(b).
3
Let k(p) = 2*p**2 + 3*p. Suppose 3*q + 2*q + 5*a = -5, 0 = -4*q + 5*a + 23. Suppose 5*w = 2*y + 25, q*w + 2*y = -3*y + 39. Let s = 4 - w. Calculate k(s).
9
Let i be (10 + -12)/((-4)/10). Suppose -i*v = -2*v + 6. Let s(r) = -3*r - 1. Calculate s(v).
5
Let n = -3 + 4. Let r be (2 - 3)/(n/3). Let b = 2 + r. Let j(m) = 7*m**2 + 2*m + 1. Determine j(b).
6
Suppose p = k - 4, 2*k + 4 = p + 12. Let q(t) = p - 8*t + 9*t - 3*t**2 - 6 + 4 - t**3. Determine q(-2).
-8
Suppose -2*f + 4*n = -3 - 3, -2*f - 4*n - 10 = 0. Suppose 0 + 12 = 4*w. Let s(r) = -w*r - 6*r + r + 3*r. What is s(f)?
5
Let o(g) be the second derivative of -g**5/60 + g**4/24 + g**3/2 + 3*g**2/2 - 2*g. Let z(w) be the first derivative of o(w). Determine z(3).
-3
Let v(j) = -4*j - 2 + 0 + 1 + j**2. Suppose 5*f - f = 16. What is v(f)?
-1
Let a(z) = -z - 5. Let s = 34 - 43. What is a(s)?
4
Suppose -o + 28 = 3*o. Let v(u) = -u**3 + 1 - 9*u - 1 + u + o*u**2 + 8. Let x(n) = -6*n. Let j be x(-1). Give v(j).
-4
Suppose 12*r - 12 = 8*r. Suppose -5*j + 2*z + 1 = 0, r*j + 5*z = -0 - 18. Let s(l) = 6*l - 1. Calculate s(j).
-7
Let k(n) = n**3 - 2*n**2 - 3*n - 1. Suppose 4*u + 5 - 1 = 0. Let s = 10 + -8. Let r be (s + -4 + -1)/u. Determine k(r).
-1
Let f(h) be the first derivative of -h**2 + 5 - 3 + 0*h**2. What is f(-2)?
4
Let z(t) = t**3 + 5*t**2 - 5*t + 5. Let v be z(-6). Suppose f + 3*f = -4*n + 20, -4*f + n + 15 = 0. Let b(x) = 3*x**2 + 0*x**2 - 7*x**2 - f*x**2. Give b(v).
-8
Let b(g) be the first derivative of -g**3/3 + 5*g**2/2 - g - 5. Let h be (-56)/(-9) + (-6)/27. Give b(h).
-7
Let z(v) be the second derivative of -v**3/3 - 2*v**2 + v. Suppose 3*q - 39 = -q - 3*l, 2*q = 3*l - 3. Let y be (q/4)/((-3)/8). Calculate z(y).
4
Suppose 0 = -3*q - 4*i - 26, 0*q - q - 5*i = 16. Let c(f) = -f**3 - 7*f**2 - 5*f + 1. What is c(q)?
-5
Let x(k) be the third derivative of -k**4/6 + k**3/6 - 32*k**2. What is x(3)?
-11
Let o = 7 - 15. Let i(q) = q**2 + 8*q - 8. What is i(o)?
-8
Let v(y) = -y - 10. Let f(x) = 6*x**2 - 9*x - 4. Let q(b) = -4*b**2 + 6*b + 3. Let w(g) = 5*f(g) + 8*q(g). Let k be w(3). Determine v(k).
-5
Let f(a) = -a**3 - 4*a**3 + 2*a + 6*a**3 - 5*a**2 - 1. Let l(w) = -w**3 + 5*w**2 - w + 1. Let k(j) = 5*f(j) + 4*l(j). What is k(4)?
7
Let j(a) = 2*a + 3. Let f(y) = y**2 - 2. Let h be f(0). Calculate j(h).
-1
Let p(s) = -s**2 + 10*s + 2. Let c be p(10). Let n(f) = -5*f**2 + 3*f**2 - f**3 - 4*f + c*f**3 - 2. Give n(-2).
-10
Let b(w) be the third derivative of -w**9/30240 - w**8/10080 + w**6/720 + 2*w**5/15 + 8*w**2. Let f(l) be the third derivative of b(l). What is f(-1)?
1
Let x(p) = 5*p - 4 - 6*p - 8*p**2 + 7*p**2. Calculate x(0).
-4
Let m(w) = -w + 2. Let f be (0 - 0)/(12/(